of 40876 and 2508?
44
Calculate the greatest common divisor of 708 and 7375.
59
What is the highest common factor of 5260 and 80?
20
Calculate the greatest common divisor of 156100 and 2.
2
What is the highest common factor of 37288 and 46136?
632
What is the highest common divisor of 25 and 9683675?
25
Calculate the highest common divisor of 69 and 5773.
23
Calculate the highest common factor of 192 and 28048.
16
What is the greatest common factor of 25234 and 15686?
682
Calculate the greatest common divisor of 13560 and 40.
40
What is the greatest common divisor of 2706 and 206148?
246
What is the highest common divisor of 3088 and 74?
2
Calculate the greatest common factor of 2159 and 72009.
127
Calculate the greatest common factor of 588805 and 105.
35
Calculate the greatest common factor of 304 and 9367.
19
Calculate the highest common divisor of 52 and 46852.
52
Calculate the greatest common divisor of 42390 and 873.
9
Calculate the highest common divisor of 13912 and 2048.
8
Calculate the greatest common divisor of 1452 and 96.
12
Calculate the greatest common factor of 484 and 27467.
121
Calculate the greatest common divisor of 9160 and 15720.
40
What is the greatest common factor of 69229 and 2889?
107
What is the greatest common factor of 355 and 10610?
5
Calculate the highest common factor of 940 and 1392140.
940
What is the highest common factor of 414 and 8487?
207
Calculate the highest common factor of 44 and 2332.
44
Calculate the highest common divisor of 580 and 87.
29
What is the highest common divisor of 13975 and 130?
65
What is the highest common factor of 100 and 1514825?
25
Calculate the greatest common factor of 12796 and 84.
28
What is the greatest common divisor of 210938 and 1463?
133
What is the highest common divisor of 3167356 and 472?
236
What is the highest common factor of 1988 and 45227?
497
Calculate the highest common divisor of 927 and 26471.
103
What is the greatest common factor of 254360 and 8?
8
What is the greatest common factor of 1205288 and 56?
56
Calculate the highest common divisor of 2614753 and 37.
37
What is the greatest common factor of 950 and 190?
190
Calculate the greatest common divisor of 91330 and 10.
10
Calculate the greatest common factor of 596 and 229907.
149
Calculate the highest common divisor of 49348 and 2628.
292
Calculate the highest common divisor of 1478 and 26.
2
What is the greatest common divisor of 51191 and 9373?
721
What is the greatest common divisor of 73130 and 9785?
515
Calculate the highest common divisor of 526923 and 762.
381
Calculate the highest common factor of 2724 and 1506.
6
Calculate the highest common factor of 200 and 65475.
25
Calculate the greatest common factor of 353890 and 1505.
215
Calculate the greatest common divisor of 4250 and 75750.
250
Calculate the greatest common divisor of 73119 and 48.
3
Calculate the greatest common factor of 3335 and 217442.
667
What is the greatest common divisor of 47676 and 12876?
348
What is the greatest common factor of 374071 and 29?
29
What is the greatest common divisor of 209 and 33953?
19
What is the highest common divisor of 347117 and 5545?
1109
Calculate the greatest common divisor of 3426 and 9.
3
What is the greatest common factor of 163128 and 672?
168
What is the greatest common divisor of 10 and 35395?
5
What is the highest common divisor of 171566 and 1744?
218
Calculate the highest common factor of 3714 and 2360866.
1238
What is the highest common divisor of 2549504 and 368?
368
What is the greatest common factor of 984 and 1269237?
123
Calculate the highest common factor of 621 and 457953.
69
What is the greatest common factor of 27488 and 2944?
32
What is the greatest common factor of 3528 and 108?
36
What is the highest common divisor of 10710 and 250?
10
What is the highest common divisor of 94638 and 42?
6
What is the greatest common factor of 1184 and 3404?
148
Calculate the greatest common factor of 51042 and 11139.
141
What is the greatest common factor of 1164 and 98164?
388
What is the greatest common divisor of 6153360 and 80?
80
What is the highest common divisor of 48 and 2504?
8
Calculate the highest common factor of 56259 and 95.
19
Calculate the greatest common divisor of 131 and 24497000.
131
What is the greatest common factor of 201 and 823296?
201
Calculate the greatest common factor of 470 and 37.
1
Calculate the highest common factor of 154 and 146566.
14
Calculate the highest common divisor of 112211 and 143.
11
What is the greatest common divisor of 349362 and 234?
234
Calculate the greatest common divisor of 12050 and 40.
10
Calculate the highest common factor of 106117 and 22.
11
What is the highest common factor of 36162 and 5103?
63
What is the greatest common factor of 282 and 167696?
94
What is the greatest common divisor of 636 and 11607?
159
Calculate the highest common factor of 1862002 and 694.
694
What is the highest common divisor of 306 and 3366918?
306
What is the greatest common divisor of 360 and 296800?
40
What is the highest common factor of 28997 and 535?
107
Calculate the highest common divisor of 86526 and 5106.
138
What is the highest common divisor of 704500 and 325?
25
Calculate the greatest common factor of 12272 and 12480.
208
What is the greatest common factor of 6012 and 108?
36
Calculate the highest common divisor of 651 and 77376.
93
What is the greatest common divisor of 3496 and 16036?
76
What is the highest common factor of 1692 and 94?
94
What is the greatest common factor of 64 and 3806272?
64
Calculate the highest common factor of 69 and 35650.
23
What is the greatest common factor of 1201382 and 2990?
598
Calculate the greatest common divisor of 212732 and 156.
52
Calculate the greatest common divisor of 88179 and 546.
273
What is the greatest common factor of 195 and 55530?
15
What is the highest common divisor of 80510 and 1164?
194
Calculate the highest common divisor of 162364 and 2.
2
What is the greatest common divisor of 231 and 150447?
33
Calculate the greatest common factor of 272 and 32528.
16
What is the highest common factor of 8 and 591864?
8
What is the highest common factor of 1380 and 71300?
460
Calculate the greatest common factor of 88613 and 14.
7
Calculate the highest common factor of 60 and 1180.
20
Calculate the highest common factor of 6255954 and 1587.
1587
What is the highest common factor of 4 and 1009?
1
Calculate the highest common divisor of 1096 and 16166.
274
What is the highest common divisor of 14042 and 13216?
826
What is the highest common factor of 49875 and 21?
21
What is the highest common divisor of 30 and 821280?
30
What is the highest common factor of 138 and 2359662?
138
What is the highest common factor of 20 and 132344?
4
What is the greatest common factor of 77 and 1232?
77
What is the highest common factor of 19 and 2057453?
19
What is the greatest common factor of 1261 and 702?
13
Calculate the highest common divisor of 701053 and 89.
89
Calculate the greatest common factor of 547303 and 3156.
263
Calculate the highest common factor of 207 and 639032.
23
What is the highest common divisor of 1069729 and 649?
59
Calculate the greatest common factor of 194913 and 27.
27
What is the greatest common factor of 224241 and 27?
3
What is the greatest common factor of 28145 and 598?
13
What is the highest common divisor of 77 and 422444?
11
Calculate the greatest common divisor of 93117 and 60.
3
What is the greatest common factor of 373 and 747119?
373
What is the greatest common divisor of 20 and 22286?
2
What is the greatest common divisor of 1616 and 10448?
16
Calculate the highest common factor of 32669 and 91.
91
What is the highest common divisor of 6 and 368922?
6
What is the greatest common divisor of 9831949 and 19?
19
What is the highest common divisor of 4371 and 15369?
141
What is the greatest common factor of 112664 and 64?
8
What is the greatest common divisor of 20 and 170420?
20
What is the highest common factor of 7378 and 1099756?
434
What is the highest common divisor of 110 and 36530?
10
What is the highest common factor of 496 and 1468?
4
Calculate the highest common divisor of 81016 and 104.
104
Calculate the greatest common divisor of 156 and 32877.
39
What is the highest com